w = b + 3. Let n be (-1)/(2*2/(-144)). What is the highest common factor of n and w?
18
Suppose -5*t = -3*c + c - 25, -c = 2*t - 10. Let l be 4/1 + (c - -4). Let b(q) = -q + 18. Let i be b(l). What is the greatest common factor of i and 30?
10
Let u = 831 + -829. What is the greatest common factor of 18 and u?
2
Suppose 5*b + 3*z + 0 = 14, b - 3*z + 8 = 0. Suppose o = q - 4*o - 29, -5*q + 4*o = -61. What is the highest common divisor of b and q?
1
Suppose -5*f + b = -628, -7*b + 5*b = -5*f + 626. Let g = -1121 - -1139. What is the greatest common factor of g and f?
18
Suppose -12*v + 21*v = 234. Calculate the highest common factor of v and 8.
2
Let t = -86 - -138. Suppose -4*w - t = -k, -4*k = k - 3*w - 209. Calculate the highest common divisor of 10 and k.
10
Suppose 4*y = -5*s + 92, 0*s + 34 = 3*y - 5*s. Let o be (-4 - 2)*(-6)/y. Suppose -k = -o - 10. Calculate the greatest common factor of 108 and k.
12
Suppose 12*g + 245 = 5*g. Let s = g - -38. What is the greatest common divisor of 12 and s?
3
Suppose -4*p + 176 = -3*u, -p + 0*p - u = -37. Let k = 47 - p. Let c = -5 - -47. Calculate the highest common factor of c and k.
6
Suppose -5*h + 418 - 5378 = 0. Let p be (-6)/27 - h/9. What is the highest common factor of p and 10?
10
Let i(a) = -a**2 + 73*a + 12. Let y be i(73). What is the highest common factor of y and 516?
12
Let b be 1 - 3 - (-401)/1. Let h(n) = -n + 2. Let x be h(0). Suppose x*a - b = -a. What is the greatest common factor of 19 and a?
19
Suppose -2*m + 3 = -3*t + 18, -m - 3*t = -15. Suppose -f - 4*f + 385 = m. Let v be (-6)/4*132/(-18). Calculate the highest common divisor of v and f.
11
Let v be 52/1*44/8. Suppose -168*t = -163*t - 130. Calculate the highest common divisor of t and v.
26
Let k = 57 + -54. Suppose 2*u - 101 - 38 = -k*i, -5*u = 5*i - 225. Calculate the greatest common factor of i and 7.
7
Suppose 4*b - 5*r - 2585 = 0, -4*b + 5*b - 3*r = 655. What is the greatest common factor of b and 40?
40
Let z = 242 + -208. What is the greatest common factor of z and 306?
34
Let m be (-7)/(-42) + (-100)/24 - -11. Let w(b) = 4*b + 1. Let p be w(5). Calculate the highest common divisor of p and m.
7
Suppose 7*g + 156 = 1248. Suppose 0*z = 6*z - g. Calculate the greatest common factor of 234 and z.
26
Let s = 43 - 13. Suppose -3*f + f = 2*u - s, 2*u = 6. Let b(k) = -k**3 + 6. Let m be b(0). Calculate the greatest common divisor of f and m.
6
Let p = 13 - 17. Let c(v) = 2*v**3 + 4*v**2 - 6*v - 9. Let h be c(p). Let d be (h/(-4))/((-2)/(-8)). What is the highest common factor of 7 and d?
7
Let y = 59 + -53. Suppose 7*s = 8 + y. What is the highest common factor of 16 and s?
2
Let o be (10/(-85))/(12/(-612)). Let l = -10 - -16. What is the greatest common factor of l and o?
6
Let k(r) = r**3 - 2*r**2 + r - 17. Let q be k(5). Let m = -30 + q. Calculate the highest common divisor of m and 11.
11
Let r = -24 + 14. Let f(k) be the first derivative of k**3/3 + 3*k**2 - 6*k + 43. Let h be f(r). What is the greatest common factor of 170 and h?
34
Let n = -27 + 25. Let h be 9 + n/(-6)*0. What is the greatest common factor of 99 and h?
9
Let b be (-675)/(-2)*(442/(-39) + 12). Calculate the highest common divisor of b and 180.
45
Suppose 209 = 4*l - 3*w, -4*l + l + 188 = 4*w. Let p = 137 + -57. Let d be p/6 + -4*(-2)/12. What is the highest common divisor of l and d?
14
Let x be -72*(1 + 7/(-3)). Suppose 6*i = 16*i + 22 - 262. What is the greatest common divisor of x and i?
24
Let g(z) = -10*z. Let r be g(-1). Let f = -8 - -13. Let b(s) = 6*s + 10. Let v be b(f). What is the greatest common factor of v and r?
10
Let i be 0 + 4 + (-19 - -9). Let x(l) = l**3 + 7*l**2 + 2*l - 4. Let g be x(i). What is the highest common factor of g and 180?
20
Let l = 60 - -5. Let t = l - 40. Calculate the highest common factor of 75 and t.
25
Let i(u) = u**3 + 5*u**2 + 2*u + 2. Let k be i(-4). What is the greatest common divisor of 10 and k?
10
Suppose 2*z - 3 = 3. Suppose 45 = z*v - 3*m + 3, -3*m = -v + 6. Let a(f) = 10*f**2 - 82*f - 18. Let w be a(9). What is the highest common divisor of v and w?
18
Let z(b) = b**3 + 4*b**2 + 4*b + 2. Let c be z(-2). Let j be (-8 - -10)*23/c. Calculate the highest common factor of j and 69.
23
Let j be 38 + ((-4)/(-5))/((-10)/25). Let h be -3 + 57 + 0/1. Calculate the greatest common factor of j and h.
18
Let y = -10 - -16. Let r be 14/6 + 1/(-3). Calculate the greatest common divisor of r and y.
2
Suppose 5*r - 35 = d, -5*r + 0*d + 20 = 2*d. Suppose 0 = 16*t - 18*t + r. Calculate the highest common factor of t and 12.
3
Let i = 672 + -653. What is the highest common factor of 2 and i?
1
Let r(j) = j**3 - 12*j - 2. Let u be r(4). Suppose 2*c = -5*v + 2, 0*c = 2*c + 8. Let p be v - (-2)/(-2) - -13. What is the greatest common factor of u and p?
14
Let k be 2/(-4) + (4 - 18/(-12)). Suppose -5*c - 142 = -4*u, -3*u + 2*u + k*c + 28 = 0. Calculate the highest common divisor of u and 95.
19
Let c be -1*1/8 - 3293/(-296). What is the greatest common factor of c and 209?
11
Suppose -9*c = -12*c + 585. Calculate the greatest common divisor of c and 351.
39
Let r(m) = 21*m**2 + 11*m**2 - m**3 - 25*m**2 + 5*m. Let x be r(7). Calculate the greatest common divisor of 70 and x.
35
Let y = 40 - 15. Let s = y + -10. Let v = s + -3. Calculate the greatest common divisor of v and 12.
12
Let q(h) = 6*h - 20*h**2 - 3 + h**3 + 15 + 1 + 15*h. Let v be q(19). What is the greatest common factor of v and 34?
17
Suppose 2*o = -3*d + 286, -5*d + 29 + 436 = o. Calculate the highest common divisor of d and 161.
23
Suppose -128 = -4*l + 84. Let w = -28 + l. Calculate the highest common divisor of 10 and w.
5
Suppose -5 - 3 = -4*s + b, -10 = -5*s - b. Suppose 0 = 3*p + w - 14, -2*p = -5*w - 17 - 15. What is the highest common divisor of s and p?
2
Suppose 4*c = 2*w + 664, c + 4*w - 29 = 146. Let q = -68 + c. Calculate the highest common factor of q and 9.
9
Suppose 2*k = -6 + 168. Let p be k/3 + (4 - 3). What is the greatest common divisor of 28 and p?
28
Let a(z) = z**3 + 13*z**2 - 88*z + 41. Let b be a(-18). What is the highest common factor of b and 80?
5
Let c(o) = 10*o**2 - o. Let l = -4 - -5. Let w be c(l). Let a = 16 - w. Calculate the greatest common factor of 56 and a.
7
Let s(c) = 3*c**2 + c**2 + 1 - 1. Let n be s(-1). What is the highest common divisor of n and 44?
4
Suppose 0 = -0*n - 9*n + 27. Calculate the highest common factor of n and 57.
3
Let g = 2819 - 2803. What is the highest common factor of 6 and g?
2
Let j(m) = 7*m + 2. Let o be j(-4). Suppose -11*g = 4*n - 8*g - 150, -2*n = 3*g - 78. Let x = o + n. Calculate the highest common factor of x and 15.
5
Suppose 89*f = 701 + 901. What is the greatest common factor of 2466 and f?
18
Suppose 6*j + 0*j - 300 = 0. Suppose 5*q = -3*c + j, 12 = 4*q - q. Calculate the greatest common divisor of 80 and c.
10
Let n(m) = -m + 33. Let f be n(-15). Suppose 0 = 4*h - 2*x - f, -12 = 3*x. Calculate the highest common divisor of 2 and h.
2
Suppose d - 4 = 3*p, d - 8 = -d + 2*p. Let q be (((-220)/8)/(-11))/((-1)/(-4)). Calculate the highest common factor of d and q.
2
Let p(z) = -32*z. Let u be p(-5). Let x be (-2)/12 + 75/18. Suppose 4*c - x*m = 52, 0 = -4*c + 5*m - 9 + 58. What is the highest common factor of c and u?
16
Let h = 13 - 13. Suppose h*t = 2*t - 6. Suppose -4*m + 8 = -40. Calculate the greatest common factor of m and t.
3
Let r = 0 - -3. Suppose -v - 56 = -3*a + a, r*v + 6 = 0. What is the highest common factor of a and 297?
27
Let j(x) = -4*x. Let o be j(2). Let a be (0 - o) + 7 + -3. What is the greatest common divisor of 120 and a?
12
Let i(m) = -2*m**3 - 3*m**2 + 3*m - 7. Let z be i(-3). Calculate the greatest common factor of z and 11.
11
Let q be ((-10)/(-8))/(3/228). Suppose 0 = -a + 3*j + 11, -133 + 117 = -4*a - 2*j. What is the greatest common factor of q and a?
5
Suppose 3*f + 2*p - 25 = 18, f + 3*p - 5 = 0. Let d = -17 + f. Let v be 0 + (1 - d)*8. What is the highest common divisor of 56 and v?
8
Suppose -x + 3*s + 12 = -18, 0 = -5*x + s + 122. What is the greatest common divisor of 56 and x?
8
Suppose 3*z + 4*a - 196 = -z, -4*a - 164 = -4*z. Suppose -4*k = -4*g + k + 50, -4*g - k = -62. What is the greatest common divisor of g and z?
15
Suppose -3*t = 4*k - 112, 0*t +